10))) + 9
2
What is the value of -4 + 4 + -5 + (3 - 5) - -6?
-1
Evaluate -9 + 18 - (-11 - -7).
13
What is (6 - -10) + -28 + 24?
12
What is the value of 108 + -102 - (-1 + -10) - (0 + -4)?
21
-39 + 10 - -32 - (23 + 0)
-20
(-9 - -6 - 8) + 26 - 0
15
Calculate (-65 - (-79 + 6)) + (1 + -48 - -2).
-37
What is -12 + (31 - 36) + 50?
33
What is the value of 11 - (-9 + 7 + 3 + 3)?
7
What is the value of (9 - 1) + (2 - (-2 - -5)) + -3?
4
Evaluate (280 + -296 - (1 - 34)) + (-5 - -1).
13
Calculate (104 - 111) + (-1 - -9) + 1.
2
What is -8 - 0 - (-14 + (3 - (3 - 7)))?
-1
Evaluate (7 + 6 - 6) + -13 + 41.
35
Calculate 0 + 4 + (-23 - (-16 - 14)).
11
What is 6 + 0 + 15 + -18?
3
Calculate 11 - (-21 + 7 + -5 + (6 - -5)).
19
What is the value of -2 + (18 - (-5 + (12 - (7 - 2))))?
14
Evaluate -1 - (9 - 0) - (236 + -236).
-10
Evaluate -1 + 1 + -1 + -11 + (-13 - -19).
-6
What is the value of (6 - 10) + -2 + -1?
-7
What is 2 + (6 - 3) - (-3 - -3 - -3)?
2
25 + -38 + 7 + -2 + 10 + 7
9
What is -19 + 16 - (-3 - -6)?
-6
-2 + 15 + -9 + 13
17
What is the value of 16 + (-25 - -7) + 0 + -1?
-3
Evaluate 6 - (34 - 48) - 7.
13
What is the value of 40 - 35 - (-5 + 6)?
4
What is (3 - (-1 - (-1 + -3))) + -795 + 797?
2
Evaluate (13 - (-8 + 17)) + 4.
8
What is (-1 - (30 - -1)) + 2554 + -2537?
-15
Evaluate 5 + -11 + 3 + -13 + 8.
-8
Calculate 8 + 6 + (0 - -6).
20
What is the value of 2 + -2 + 2 + (7 - (-1 - -2))?
8
Calculate -9 + 1 - -18 - -1.
11
Evaluate (-10 - -1) + (-3 + 3 + 11 - 4).
-2
What is the value of -41 - (-12 - 16) - (-1 - -4)?
-16
Evaluate 3 - ((1 - -5) + -12).
9
51 - (53 + 19) - ((-2 - 0) + -5)
-14
(-29 - (-2 - 20)) + (2 + -4 - -5)
-4
Evaluate -22 - (-8 + (12 - 50)).
24
What is the value of -6 - (9 + -9 + -5)?
-1
Evaluate (2 - -7) + 11 + -5 + -11.
4
Calculate (36 - (-34 - -72)) + (-4 - 0) + 23.
17
Calculate -4 + 13 + (2 - -2) - (18 - 20).
15
Evaluate 66 + -58 + (-4 - (-1 + -3) - 8).
0
What is the value of (-6 - -2) + 0 + 20 + -14?
2
What is the value of 9 + (15 - 19 - (8 - 5))?
2
(-2 + -23 - 8) + 35
2
What is the value of 4 - 7 - ((11 - 8) + 5)?
-11
Calculate (-90 - -83) + (2 - (0 + 2 - 3)).
-4
(10 + 1 - -1) + (-14 - -47) + -38
7
What is the value of -2 + (2 - -16) + (4 - (3 + -4))?
21
1 - -3 - (-2 + 6 + 8 + 11)
-19
What is 6 + 1 - (12 - 4) - (-2 - 3)?
4
What is 0 + 8 + 12 - 1?
19
Evaluate 5 + -28 + 1 + 8.
-14
What is the value of (-4 - -2) + 4 - 3 - (1 + -4)?
2
Evaluate -28 - -34 - (35 + -1 + -6).
-22
Evaluate (-17 + -8 - 18) + (4 - -8).
-31
Calculate -5 + (-7 + 0 - (84 - 96)) + 29.
29
73 - (42 + 5 + -4)
30
What is (13 + (-5 - 5) - 5) + 18?
16
61 + (-30 - 17) - (-3 + -2)
19
What is -18 + 18 - (60 - 82)?
22
What is the value of 108 + -116 + (-4 - (-1 + -15))?
4
What is -7 + 2 + (5 - -3 - 4)?
-1
Calculate 4 + (17 - (28 + -10)) + 1 + -27.
-23
What is (24 + 6 - 10 - 15) + -25 + 2?
-18
2 + 6 - (-2 + 14 + -11)
7
Evaluate (1 - (3 + -11)) + (-5 - 1).
3
What is 0 + 3 - (-2 - 0 - -2)?
3
Calculate -107 - -97 - (6 - 3).
-13
Calculate 17 + (-13 + -3 - (5 - 7)).
3
What is the value of -5 + (-2 - 0 - (-13 + 11))?
-5
Calculate (34 - 68 - -50) + -20 - (0 + 22).
-26
Calculate -6 - ((22 - 10) + -19 + -10).
11
What is the value of -34 + 27 + 54 + -40?
7
-29 - -34 - (25 + -7)
-13
Calculate 31 + (25 - (-5 + 56)).
5
10 - -6 - 8 - ((-20 - -4) + 1)
23
Calculate -9 - 2 - (12 - (22 + -7)).
-8
Evaluate (1 - 16) + 8 + -19 - -5.
-21
Evaluate 4 + -5 + 1 + 5 - 2 - 20.
-17
Calculate 17 + -19 + 11 - (2 - (1 - 3)).
5
Calculate 26 - (30 + (26 - 41)).
11
What is -8 + -14 + 10 + 19 - -16?
23
What is the value of -17 - ((10 - (7 - -1)) + -4)?
-15
What is the value of (-2 + (6 - -6) - 11) + -13 - 2?
-16
What is the value of -1 - ((5 - (12 + -8)) + (-8 - -10))?
-4
Calculate (-3 - (-10 + 13) - -18) + -25.
-13
Calculate 0 + 0 - -6 - (131 + -118).
-7
What is (77 - 95) + (8 - (-7 + 16))?
-19
Calculate 3 - (-9 + -3 + 16) - 11.
-12
Calculate -32 + 45 + -11 + -1 + -9.
-8
Calculate (-8 - -39) + (-34 - -9).
6
What is the value of 138 + -150 - ((-2 - (-1 - -1)) + -8)?
-2
What is -7 + 13 - (-7 + 7 + 4)?
2
1 + 10 - (32 - (25 + -1))
3
-4 - ((-1 - 17) + 136 + -135)
13
5 + 4 + -1 - (13 - 21)
16
3 + (-5 - (-5 - 1)) + 8 + -7
5
Calculate 12 - 3 - (-1 - 4).
14
-13 - -11 - -2 - (-9 + 8)
1
Calculate -35 - -1 - (-28 - 23 - -42).
-25
What is (-19 - (-10 - 6)) + 32?
29
What is -2 - ((-20 - -21) + -11 + -2 + 0)?
10
Evaluate -4 - 7 - 13 - -36.
12
What is 14 + (-9 - (-10 - -9))?
6
Evaluate (-8 - (1 + 6 + -8)) + 6.
-1
Evaluate 0 + 1 + (96 - 98) - -10.
9
(1 - 25) + 5 + 11
-8
Calculate 10 + -12 - (-2 + -3 + 19) - -6.
-10
What is the value of -1 + 15 + (4 - 32) + 0?
-14
Calculate (8 - 10) + 1 + (-8 - -6) + -5.
-8
What is 40 + -1 + 398 + -415?
22
Evaluate 7 - -5 - (9 - -5).
-2
Calculate 1 + (-5 - 3 - -7).
0
What is the value of 12 + (-8 - (1 - -1 - 0))?
2
What is 21 + -4 - 22 - -17 - 36?
-24
What is 4 + -6 + -16 + -1?
-19
Calculate 16 - (-2 + -6 + 17) - (-3 + -5).
15
What is the value of 1 + -36 + -1637 + 1658?
-14
Evaluate -16 - (35 - 17) - -60.
26
Calculate (6 - (9 + 2)) + 7 + -6.
-4
What is the value of -27 - ((8 - 20) + -30)?
15
3 - (5 + (-14 - -8) + 7)
-3
Calculate -35 - (-18 + 1 - (-34 + (34 - 7))).
-25
What is 14 + -15 + (10 - 10)?
-1
What is 18 + -1 + (272 - 274)?
15
Calculate -32 + 8 + 5 + 13.
-6
(-34 - -27 - (-7 - (-1 - 1))) + -13
-15
-18 - -24 - 19 - -6
-7
Evaluate 1 - -1 - (4 - (-5 - -22)).
15
27 + -16 + (-7 - 0)
4
Evaluate (3 - 8) + 1 + -5 - (-7 - -3).
-5
Calculate -3 - (0 - -1) - ((42 - 24) + -19).
-3
What is the value of 1 - -14 - (86 - 80)?
9
What is -8 + 2 + (14 + -12 - -13)?
9
Evaluate (-30 - -37) + -3 + (1 - 18) + 1.
-12
Evaluate 2 + 11 - (201 + -166).
-22
What is -8 + (21 - -12) - -2 - 14?
13
Evaluate (-1 - (4 + -8)) + -2 + -13.
-12
What is 34 + (2 - 0 - -2) + (-378 - -369)?
29
What is the value of (0 - ((-6 - -4) + 9)) + 20 + 1?
14
Evaluate -7 + 19 - (1 + 1 - 5).
15
3 + 2 + -2 + 1 - 9 - 8
-13
Calculate -3 - ((1 - 10) + (-26 + 7 - -26)).
-1
What is the value of -7 + -1 - ((20 - 18) + -20)?
10
Calculate 22 + -29 - (-1 - 1).
-5
Evaluate 6 + (3 - (-11 - -4) - (-3 - -7)).
12
Calculate 31 - (25 - 43 - -16).
33
What is the value of -207 + 201 - (-1 - 18) - 7?
6
2 + (5 - -2) + 1 + 6 + 8
24
What is -17 - 22 - (-23 - -2)?
-18
Calculate 27 + -9 - (9 + 1) - (-1 - 2).
11
What is the value of -274 + 278 + 0 + 27 + -3?
28
Evaluate -7 + (18 - (1 - 1)) + -16.
-5
What is 14 + (0 - (-5 + 3 - -2) - 0)?
14
What is 5 + -1 + -10 + -8 + (2 - 1)?
-13
What is the value of -7 + (-9 - -7 - ((0 - 0) + 7))?
-16
What is the value of 8 + -4 - -2 - (-2 - 0 - 5)?
13
7 - ((7 - 12) + 1 - (8 + -1))
18
(29 - 10) + -1 + -14 - -2
6
What is (42 - (21 + 3 + -10)) + -9?
19
Evaluate -1 - ((2 - 3) + 1).
-1
Evaluate -7 + -1 + 28 + -4 + -18.
-2
Calculate (0 - (5 - 0)) + -1 - 3.
-9
Evaluate -5 - (6 + -3 - (3 + (17 - 10))).
2
What is the value of 11 - (30 + -15 + -20)?
16
What is 2 + (81 - 81) + (1 - -3)?
6
1 - (6 - (8 - (1 + -4))) - 19
-13
Evaluate (-8 - (24 - 56)) + 3.
27
What is the value of 441 + -449 + 1 + 11 + -6?
-2
415 + -413 - (17 - -1 - -2)
-18
What is the value of 12 + (0 - 18 - 2)?
-8
What is -29 + 19 + 3 - -11?
4
40 - 38 - (-2 - -3)
1
Calculate -6 + (-2 - 16 - -9) + 16.
1
Calculate -45 + 29 - ((6 - 3) + 0 + 2).
-21
(78 + -92 - (-1 + 4)) + -4
-21
Evaluate 3 + -13 - -7 - 7.
-10
(-1 - 5 - -1) + 378 + -370
3
What is -4 - 7 - (-50 + 44)?
-5
6 - 1 - (-31 + 44) - (-14 - 10)
16
What is the value of (7 + -11 - 12) + 11 + 0 + 2?
-3
What is the value of 8 - ((37 - 6 - 5) + -7)?
-11
What is (2 - (31 + -15)) + 17 + -3?
0
What is -11 + (-9 - (-8 - 2 - -5))?
-15
Evaluate -25 + 2 - (-3 - (-8 - -1)) - 4.
-31
What is the value of 5 - ((0 - 8 - -7) + -4 - -8)?
2
Evaluate (-43 - 8 - -28) + 42.
19
Calculate (0 - 0) + -2 - -16 - (2736 + -2737).
15
What is the value of 0 + -3 + (24 - -51) + -38?
34
Calculate -8 - -1 - (40 + -27 + -2).
-18
Calculate 17 + (24 + -46 - 9) + -1 + 0.
-15
Evaluate -77 - -79 - ((28 - 0 - 0) + -4).
-22
(20 - 49) + 58 - 10
19
Evaluate (-4 - (-21 + 10)) + (-7 - -8).
8
Calculate 19 - -5 - (-23 + 38).
9
What is the value of (-26 - -18) + 6 + 17 + -2?
13
Calculate (-10 - -1) + (1164 - 1149).
6
Evaluate -10 + -6 + 23 - 9.
-2
(6 - 27 - -7) + 12
-2
What is -12 + -14 + 2 - -19?
-5
Evaluate -5 - ((-18 - -12) + (-2 - -15) + 7).
-19
Calculate 49 - 55 - (11 + -3 -